{"id":9,"date":"2011-03-09T22:53:38","date_gmt":"2011-03-10T03:53:38","guid":{"rendered":"http:\/\/www.mariephilippe.ca\/wp\/?page_id=9"},"modified":"2022-11-18T16:01:56","modified_gmt":"2022-11-18T20:01:56","slug":"biographie","status":"publish","type":"page","link":"https:\/\/mariephilippe.ca\/?page_id=9","title":{"rendered":"Bio"},"content":{"rendered":"<p>Le fil commence en 1952 \u00e0 Ste-Foy. Jumelle avec un gar\u00e7on <em>Yves<\/em>. On a grandi \u00e0 Cap-Rouge, une enfance&nbsp; douce et r\u00eaveuse sur la ferme. Le nom Philippe dans mon nom Marie Philippe, vient de mon grand-p\u00e8re Philippe Hamel, pour qui j&rsquo;ai une grande admiration. Il \u00e9tait l&rsquo;un des pr\u00e9curseurs de la nationalisation de l&rsquo;\u00e9lectricit\u00e9 avec Ren\u00e9 Chalout, Oscar Drouin et Ernest Gr\u00e9goire. Il \u00e9tait continuellement en tourn\u00e9e dans la province et c&rsquo;est mon p\u00e8re qui,souvent, lui servait de chauffeur. Quand vint le temps pour lui d&rsquo;\u00e9lever une famille, notre p\u00e8re chercha donc \u00e0 nous \u00e9loigner de la soci\u00e9t\u00e9 et devint agriculteur. Nous \u00e9tions 5 enfants, nous n&rsquo;avions pas de voisins pour jouer et nos seuls contacts avec les jeunes de notre \u00e2ge \u00e9tait \u00e0 l&rsquo;\u00e9cole, \u00e0 No\u00ebl et \u00e0 P\u00e2ques. C&rsquo;est d&rsquo;ailleurs gr\u00e2ce \u00e0 cet isolement que j&rsquo;ai connu la solitude et me suis mise \u00e0 l&rsquo;aimer profond\u00e9ment. Elle a toujours eu une place importante dans ma vie.<br \/>\n&nbsp;<br \/>\nMon p\u00e8re \u00e9tait aussi un maniaque de musique. Il avait install\u00e9 18 boites de son tout autour du salon, dans les murs, le plafond et le plancher, une sorte de surround 18.1, version Guy Hamel. Nous avions aussi un piano droit un Gerhard Heintzman, qui est devenu mon confident et qui ne m&rsquo;a jamais quitt\u00e9.<br \/>\n&nbsp;<br \/>\nLa <em>Chant&rsquo;Ao\u00fbt<\/em> (1975) a \u00e9t\u00e9 le d\u00e9part. J&rsquo;ai re\u00e7u une aide consid\u00e9rable \u00e0 cette \u00e9poque, je pense \u00e0 la <em>L&rsquo;Ostradamus,<\/em> et surtout \u00e0 Pierre Levasseur, qui a cru en moi et qui m&rsquo;a support\u00e9e pendant plusieurs ann\u00e9es.&nbsp; &nbsp;Quand plus tard&nbsp; j&rsquo;ai rencontr\u00e9 R\u00e9hjean Rancourt, qui venait de faire un succ\u00e8s avec Daniel Lavoie, \u00e0 notre premi\u00e8re rencontre il me dit : \u00ab\u00a0Toi je t&rsquo;avais remarqu\u00e9e \u00e0 la <em>Chant&rsquo;ao\u00fbt<\/em>. T&rsquo;en a mis du temps!&nbsp; En effet j&rsquo;avais mis plus de dix ans.&nbsp; Mais dans ces dix ann\u00e9es jamais je n&rsquo;avais cess\u00e9 de composer, chanter et travailler comme choriste.<br \/>\n&nbsp;<br \/>\nAvec Jean Pierre Bonin, mon complice depuis toujours, nous cr\u00e9ons un <a href=\"http:\/\/mariephilippe.ca\/page_id=178\">premier album<\/a>, qui sort en f\u00e9vrier 1987, en co-production avec le fran\u00e7ais Jean Jacques Souplet. Le <a href=\"http:\/\/mariephilippe.ca\/?page_id=180\">second<\/a>, enregistr\u00e9 \u00e0 la maison (en 1989, fallait le faire), en partie gr\u00e2ce au <em>Prix Ciel-Raymond L\u00e9vesque<\/em> qui m&rsquo;a aid\u00e9e dans l&rsquo;achat de l&rsquo;\u00e9quipement, sort en septembre 1990 au Qu\u00e9bec et en France. Puis, en 1993, pause avant d&rsquo;entreprendre la production du troisi\u00e8me album, je joue le r\u00f4le de Marie Dorval dans <em>Sand et les Romantiques<\/em> de Luc Plamondon et Catherine Lara, au Th\u00e9\u00e2tre Le Gymnase, \u00e0 Paris. Je dois dire ici que je consid\u00e8re ce livret comme un des meilleurs de Luc, et que travailler avec Catherine Lara, c\u00f4toyer ce talent, cette g\u00e9n\u00e9rosit\u00e9, f\u00fbt pour moi une exp\u00e9rience inoubliable. Pendant ce temps, \u00e0 Montr\u00e9al la compagnie de disques se d\u00e9battait avec des probl\u00e8mes financiers qui mettaient en danger la production de notre troisi\u00e8me album. Je vivais sur un fil tendu de Paris \u00e0 Montr\u00e9al : \u00e0 un bout le bonheur alors qu&rsquo;\u00e0 l&rsquo;autre tout \u00e9tait en train de s&rsquo;\u00e9crouler.<br \/>\n&nbsp;<br \/>\nGr\u00e2ce \u00e0 <em>Musique Action<\/em>&nbsp;on a pu faire l&rsquo;album et le sortir. Parution en octobre de <a href=\"http:\/\/mariephilippe.ca\/?page_id=183\"><em>Marie Philippe III, Jamais trop de tendresse<\/em><\/a>, enti\u00e8rement enregistr\u00e9 <em>live<\/em> au th\u00e9\u00e2tre du Ges\u00f9. On a lou\u00e9 le th\u00e9\u00e2tre pour 3 semaines, fait venir le mobile de Karisma pour 3 jours, ensuite transport\u00e9 le mobile chez nous pendant 2 semaines pour mixer. Mais dans l&rsquo;ann\u00e9e qui suit la compagnie de disque ferme ses portes et l&rsquo;album meurt au feuilleton&#8230;<\/p>\n<p>Et tout-\u00e0-coup un appel t\u00e9l\u00e9phonique me ram\u00e8ne \u00e0 mes premi\u00e8res amours : la musique de th\u00e9\u00e2tre! S&rsquo;ensuivent de nombreuses productions des <a href=\"http:\/\/mariephilippe.ca\/?page_id=3310\">pi\u00e8ces de L\u00e9o L\u00e9vesque<\/a>, ainsi que 2 productions pour le th\u00e9\u00e2tre du Bol\u00e9ro (<a href=\"http:\/\/mariephilippe.ca\/?page_id=3898\"><em>L&rsquo;\u00e9clat de soie<\/em><\/a> de Mario Borges et <a href=\"http:\/\/mariephilippe.ca\/?page_id=3927\"><em>L&rsquo;ex\u00e9cution<\/em><\/a> de Marie-Claire Blais). Puis Jean Pierre et moi avons cr\u00e9\u00e9 la musique de 5 productions de th\u00e9\u00e2tre-\u00e9questre avec <em>Caval-Art<\/em>.<\/p>\n<p>&nbsp;<\/p>\n<p>Enfin, bien que cela ne se sache pas, je compose de plus en plus. Les tiroirs sont pleins et il est temps maintenant d&rsquo;ouvrir les portes de l&rsquo;atelier. Depuis plus de 4 ans, je travaille avec Luc Papineau sur un projet audio- visuel : <em>Entre veille et sommeil. <\/em>Nous en sommes \u00e0 travailler \u00e0 sa diffusion.<br \/>\n&nbsp;<br \/>\nLa suite est \u00e9crite dans le brouillard opaque de l&rsquo;avenir, qui a autant besoin de libert\u00e9 que moi-m\u00eame&#8230;<\/p>\n<p><a href=\"http:\/\/mariephilippe.ca\/wp\/wp-content\/uploads\/Marie-Philippe-CV.pdf\">CV Marie Philippe<\/a><\/p>\n","protected":false},"excerpt":{"rendered":"<p>Le fil commence en 1952 \u00e0 Ste-Foy. Jumelle avec un gar\u00e7on Yves. On a grandi \u00e0 Cap-Rouge, une enfance&nbsp; douce et r\u00eaveuse sur la ferme. Le nom Philippe dans mon nom Marie Philippe, vient de mon grand-p\u00e8re Philippe Hamel, pour &hellip; <a href=\"https:\/\/mariephilippe.ca\/?page_id=9\">Continuer la lecture <span class=\"meta-nav\">&rarr;<\/span><\/a><\/p>\n","protected":false},"author":1,"featured_media":1264,"parent":0,"menu_order":0,"comment_status":"open","ping_status":"closed","template":"","meta":{"ngg_post_thumbnail":0,"footnotes":""},"class_list":["post-9","page","type-page","status-publish","has-post-thumbnail","hentry"],"_links":{"self":[{"href":"https:\/\/mariephilippe.ca\/index.php?rest_route=\/wp\/v2\/pages\/9","targetHints":{"allow":["GET"]}}],"collection":[{"href":"https:\/\/mariephilippe.ca\/index.php?rest_route=\/wp\/v2\/pages"}],"about":[{"href":"https:\/\/mariephilippe.ca\/index.php?rest_route=\/wp\/v2\/types\/page"}],"author":[{"embeddable":true,"href":"https:\/\/mariephilippe.ca\/index.php?rest_route=\/wp\/v2\/users\/1"}],"replies":[{"embeddable":true,"href":"https:\/\/mariephilippe.ca\/index.php?rest_route=%2Fwp%2Fv2%2Fcomments&post=9"}],"version-history":[{"count":124,"href":"https:\/\/mariephilippe.ca\/index.php?rest_route=\/wp\/v2\/pages\/9\/revisions"}],"predecessor-version":[{"id":5892,"href":"https:\/\/mariephilippe.ca\/index.php?rest_route=\/wp\/v2\/pages\/9\/revisions\/5892"}],"wp:featuredmedia":[{"embeddable":true,"href":"https:\/\/mariephilippe.ca\/index.php?rest_route=\/wp\/v2\/media\/1264"}],"wp:attachment":[{"href":"https:\/\/mariephilippe.ca\/index.php?rest_route=%2Fwp%2Fv2%2Fmedia&parent=9"}],"curies":[{"name":"wp","href":"https:\/\/api.w.org\/{rel}","templated":true}]}}