{"id":520,"date":"2011-03-04T15:41:12","date_gmt":"2011-03-04T20:41:12","guid":{"rendered":"http:\/\/mariephilippe.ca\/wp\/?page_id=520"},"modified":"2026-04-26T22:01:09","modified_gmt":"2026-04-27T02:01:09","slug":"a","status":"publish","type":"page","link":"https:\/\/mariephilippe.ca\/","title":{"rendered":"Accueil"},"content":{"rendered":"<h1><strong>NOUVEAU PROJET &nbsp;<a href=\"https:\/\/youtu.be\/2uTH-fXfSvI\"><em>Entre veille et sommeil&nbsp;<\/em><\/a><\/strong><\/h1>\n<p>Depuis 2016 j\u2019ai d\u00e9laiss\u00e9 les spectacles pour me concentrer uniquement sur <a href=\"https:\/\/youtu.be\/968OBFeAaP4\">Entre veille et sommeil<\/a>, projet sur lequel je travaille avec Luc Papineau. Le projet compte douze tableaux.&nbsp; Cr\u00e9dits:&nbsp; cr\u00e9ation, montage et musique: Marie Philippe;&nbsp; guitare: Jean Pierre Bonin; mixage: Luc Papineau.<\/p>\n<p>&nbsp;<\/p>\n<p>En plus des albums d\u00e9j\u00e0 parus (sous l&rsquo;onglet <a href=\"http:\/\/mariephilippe.ca\/wp\/?page_id=2\">Discographie<\/a>), ce site pr\u00e9sente un certain nombre de <a href=\"http:\/\/mariephilippe.ca\/?page_id=416\">musiques in\u00e9dites,<\/a> des <a href=\"http:\/\/mariephilippe.ca\/wp\/?page_id=4164\">chansons<\/a>, des <a href=\"http:\/\/mariephilippe.ca\/wp\/?page_id=4175\">instrumentaux<\/a> et de simples impros capt\u00e9es sur le vif, une esp\u00e8ce de blog musical, si on veut. On a aussi des extraits de diverses pi\u00e8ces de th\u00e9\u00e2tre auxquelles j&rsquo;ai collabor\u00e9.<\/p>\n<p>&nbsp;<\/p>\n<p>&nbsp;<\/p>\n<p>&nbsp;<br \/>\nVoici quelques images de la vid\u00e9o:<\/p>\n<p><img loading=\"lazy\" decoding=\"async\" class=\"alignleft size-medium wp-image-5917\" src=\"http:\/\/mariephilippe.ca\/wp\/wp-content\/uploads\/pano_matrice_pers-1-300x169.jpg\" alt=\"\" width=\"300\" height=\"169\" srcset=\"https:\/\/mariephilippe.ca\/wp\/wp-content\/uploads\/pano_matrice_pers-1-300x169.jpg 300w, https:\/\/mariephilippe.ca\/wp\/wp-content\/uploads\/pano_matrice_pers-1-1024x576.jpg 1024w, https:\/\/mariephilippe.ca\/wp\/wp-content\/uploads\/pano_matrice_pers-1-768x432.jpg 768w, https:\/\/mariephilippe.ca\/wp\/wp-content\/uploads\/pano_matrice_pers-1-1536x864.jpg 1536w, https:\/\/mariephilippe.ca\/wp\/wp-content\/uploads\/pano_matrice_pers-1.jpg 1920w\" sizes=\"auto, (max-width: 300px) 100vw, 300px\" \/><br \/>\n<img loading=\"lazy\" decoding=\"async\" class=\"alignleft size-medium wp-image-5918\" src=\"http:\/\/mariephilippe.ca\/wp\/wp-content\/uploads\/saisons_automne-300x169.jpg\" alt=\"\" width=\"300\" height=\"169\" srcset=\"https:\/\/mariephilippe.ca\/wp\/wp-content\/uploads\/saisons_automne-300x169.jpg 300w, https:\/\/mariephilippe.ca\/wp\/wp-content\/uploads\/saisons_automne-1024x576.jpg 1024w, https:\/\/mariephilippe.ca\/wp\/wp-content\/uploads\/saisons_automne-768x432.jpg 768w, https:\/\/mariephilippe.ca\/wp\/wp-content\/uploads\/saisons_automne-1536x864.jpg 1536w, https:\/\/mariephilippe.ca\/wp\/wp-content\/uploads\/saisons_automne.jpg 1920w\" sizes=\"auto, (max-width: 300px) 100vw, 300px\" \/><img loading=\"lazy\" decoding=\"async\" class=\"alignleft size-medium wp-image-5919\" src=\"http:\/\/mariephilippe.ca\/wp\/wp-content\/uploads\/fondation_camp-300x169.jpg\" alt=\"\" width=\"300\" height=\"169\" srcset=\"https:\/\/mariephilippe.ca\/wp\/wp-content\/uploads\/fondation_camp-300x169.jpg 300w, https:\/\/mariephilippe.ca\/wp\/wp-content\/uploads\/fondation_camp-1024x576.jpg 1024w, https:\/\/mariephilippe.ca\/wp\/wp-content\/uploads\/fondation_camp-768x432.jpg 768w, https:\/\/mariephilippe.ca\/wp\/wp-content\/uploads\/fondation_camp-1536x864.jpg 1536w, https:\/\/mariephilippe.ca\/wp\/wp-content\/uploads\/fondation_camp.jpg 1920w\" sizes=\"auto, (max-width: 300px) 100vw, 300px\" \/><img loading=\"lazy\" decoding=\"async\" class=\"alignleft size-medium wp-image-5924\" src=\"http:\/\/mariephilippe.ca\/wp\/wp-content\/uploads\/pano_quoi-quil-en-soit_arbres_de-nuit-_5760_32bits-300x56.jpg\" alt=\"\" width=\"300\" height=\"56\" srcset=\"https:\/\/mariephilippe.ca\/wp\/wp-content\/uploads\/pano_quoi-quil-en-soit_arbres_de-nuit-_5760_32bits-300x56.jpg 300w, https:\/\/mariephilippe.ca\/wp\/wp-content\/uploads\/pano_quoi-quil-en-soit_arbres_de-nuit-_5760_32bits-1024x192.jpg 1024w, https:\/\/mariephilippe.ca\/wp\/wp-content\/uploads\/pano_quoi-quil-en-soit_arbres_de-nuit-_5760_32bits-768x144.jpg 768w, https:\/\/mariephilippe.ca\/wp\/wp-content\/uploads\/pano_quoi-quil-en-soit_arbres_de-nuit-_5760_32bits-1536x288.jpg 1536w, https:\/\/mariephilippe.ca\/wp\/wp-content\/uploads\/pano_quoi-quil-en-soit_arbres_de-nuit-_5760_32bits-2048x384.jpg 2048w\" sizes=\"auto, (max-width: 300px) 100vw, 300px\" \/><img loading=\"lazy\" decoding=\"async\" class=\"alignleft size-medium wp-image-5926\" src=\"http:\/\/mariephilippe.ca\/wp\/wp-content\/uploads\/pano-au-marche_paysage-fin-2_5760_32bit-300x56.jpg\" alt=\"\" width=\"300\" height=\"56\" srcset=\"https:\/\/mariephilippe.ca\/wp\/wp-content\/uploads\/pano-au-marche_paysage-fin-2_5760_32bit-300x56.jpg 300w, https:\/\/mariephilippe.ca\/wp\/wp-content\/uploads\/pano-au-marche_paysage-fin-2_5760_32bit-1024x192.jpg 1024w, https:\/\/mariephilippe.ca\/wp\/wp-content\/uploads\/pano-au-marche_paysage-fin-2_5760_32bit-768x144.jpg 768w, https:\/\/mariephilippe.ca\/wp\/wp-content\/uploads\/pano-au-marche_paysage-fin-2_5760_32bit-1536x288.jpg 1536w, https:\/\/mariephilippe.ca\/wp\/wp-content\/uploads\/pano-au-marche_paysage-fin-2_5760_32bit-2048x384.jpg 2048w\" sizes=\"auto, (max-width: 300px) 100vw, 300px\" \/><img loading=\"lazy\" decoding=\"async\" class=\"alignleft size-medium wp-image-5929\" src=\"http:\/\/mariephilippe.ca\/wp\/wp-content\/uploads\/pano_resilience_personnages_2_5760_32bits-300x56.jpg\" alt=\"\" width=\"300\" height=\"56\" srcset=\"https:\/\/mariephilippe.ca\/wp\/wp-content\/uploads\/pano_resilience_personnages_2_5760_32bits-300x56.jpg 300w, https:\/\/mariephilippe.ca\/wp\/wp-content\/uploads\/pano_resilience_personnages_2_5760_32bits-1024x192.jpg 1024w, https:\/\/mariephilippe.ca\/wp\/wp-content\/uploads\/pano_resilience_personnages_2_5760_32bits-768x144.jpg 768w, https:\/\/mariephilippe.ca\/wp\/wp-content\/uploads\/pano_resilience_personnages_2_5760_32bits-1536x288.jpg 1536w, https:\/\/mariephilippe.ca\/wp\/wp-content\/uploads\/pano_resilience_personnages_2_5760_32bits-2048x384.jpg 2048w\" sizes=\"auto, (max-width: 300px) 100vw, 300px\" \/><img loading=\"lazy\" decoding=\"async\" class=\"alignleft size-medium wp-image-5928\" src=\"http:\/\/mariephilippe.ca\/wp\/wp-content\/uploads\/pano_ville_1_5760_32bits-300x56.jpg\" alt=\"\" width=\"300\" height=\"56\" srcset=\"https:\/\/mariephilippe.ca\/wp\/wp-content\/uploads\/pano_ville_1_5760_32bits-300x56.jpg 300w, https:\/\/mariephilippe.ca\/wp\/wp-content\/uploads\/pano_ville_1_5760_32bits-1024x192.jpg 1024w, https:\/\/mariephilippe.ca\/wp\/wp-content\/uploads\/pano_ville_1_5760_32bits-768x144.jpg 768w, https:\/\/mariephilippe.ca\/wp\/wp-content\/uploads\/pano_ville_1_5760_32bits-1536x288.jpg 1536w, https:\/\/mariephilippe.ca\/wp\/wp-content\/uploads\/pano_ville_1_5760_32bits-2048x384.jpg 2048w\" sizes=\"auto, (max-width: 300px) 100vw, 300px\" \/><img loading=\"lazy\" decoding=\"async\" class=\"alignleft size-medium wp-image-5923\" src=\"http:\/\/mariephilippe.ca\/wp\/wp-content\/uploads\/pano_fondation_chevaux-5_5760_32bits-300x56.jpg\" alt=\"\" width=\"300\" height=\"56\" srcset=\"https:\/\/mariephilippe.ca\/wp\/wp-content\/uploads\/pano_fondation_chevaux-5_5760_32bits-300x56.jpg 300w, https:\/\/mariephilippe.ca\/wp\/wp-content\/uploads\/pano_fondation_chevaux-5_5760_32bits-1024x192.jpg 1024w, https:\/\/mariephilippe.ca\/wp\/wp-content\/uploads\/pano_fondation_chevaux-5_5760_32bits-768x144.jpg 768w, https:\/\/mariephilippe.ca\/wp\/wp-content\/uploads\/pano_fondation_chevaux-5_5760_32bits-1536x288.jpg 1536w, https:\/\/mariephilippe.ca\/wp\/wp-content\/uploads\/pano_fondation_chevaux-5_5760_32bits-2048x384.jpg 2048w\" sizes=\"auto, (max-width: 300px) 100vw, 300px\" \/><img loading=\"lazy\" decoding=\"async\" class=\"alignleft size-medium wp-image-5920\" src=\"http:\/\/mariephilippe.ca\/wp\/wp-content\/uploads\/pano-au-marche_coucher-de-soleil_5760_32bit-300x56.jpg\" alt=\"\" width=\"300\" height=\"56\" srcset=\"https:\/\/mariephilippe.ca\/wp\/wp-content\/uploads\/pano-au-marche_coucher-de-soleil_5760_32bit-300x56.jpg 300w, https:\/\/mariephilippe.ca\/wp\/wp-content\/uploads\/pano-au-marche_coucher-de-soleil_5760_32bit-1024x192.jpg 1024w, https:\/\/mariephilippe.ca\/wp\/wp-content\/uploads\/pano-au-marche_coucher-de-soleil_5760_32bit-768x144.jpg 768w, https:\/\/mariephilippe.ca\/wp\/wp-content\/uploads\/pano-au-marche_coucher-de-soleil_5760_32bit-1536x288.jpg 1536w, https:\/\/mariephilippe.ca\/wp\/wp-content\/uploads\/pano-au-marche_coucher-de-soleil_5760_32bit-2048x384.jpg 2048w\" sizes=\"auto, (max-width: 300px) 100vw, 300px\" \/><\/p>\n","protected":false},"excerpt":{"rendered":"<p>NOUVEAU PROJET &nbsp;Entre veille et sommeil&nbsp; Depuis 2016 j\u2019ai d\u00e9laiss\u00e9 les spectacles pour me concentrer uniquement sur Entre veille et sommeil, projet sur lequel je travaille avec Luc Papineau. Le projet compte douze tableaux.&nbsp; Cr\u00e9dits:&nbsp; cr\u00e9ation, montage et musique: Marie &hellip; <a href=\"https:\/\/mariephilippe.ca\/\">Continuer la lecture <span class=\"meta-nav\">&rarr;<\/span><\/a><\/p>\n","protected":false},"author":1,"featured_media":0,"parent":0,"menu_order":0,"comment_status":"closed","ping_status":"closed","template":"page-accueil.php","meta":{"ngg_post_thumbnail":0,"footnotes":""},"class_list":["post-520","page","type-page","status-publish","hentry"],"_links":{"self":[{"href":"https:\/\/mariephilippe.ca\/index.php?rest_route=\/wp\/v2\/pages\/520","targetHints":{"allow":["GET"]}}],"collection":[{"href":"https:\/\/mariephilippe.ca\/index.php?rest_route=\/wp\/v2\/pages"}],"about":[{"href":"https:\/\/mariephilippe.ca\/index.php?rest_route=\/wp\/v2\/types\/page"}],"author":[{"embeddable":true,"href":"https:\/\/mariephilippe.ca\/index.php?rest_route=\/wp\/v2\/users\/1"}],"replies":[{"embeddable":true,"href":"https:\/\/mariephilippe.ca\/index.php?rest_route=%2Fwp%2Fv2%2Fcomments&post=520"}],"version-history":[{"count":255,"href":"https:\/\/mariephilippe.ca\/index.php?rest_route=\/wp\/v2\/pages\/520\/revisions"}],"predecessor-version":[{"id":6097,"href":"https:\/\/mariephilippe.ca\/index.php?rest_route=\/wp\/v2\/pages\/520\/revisions\/6097"}],"wp:attachment":[{"href":"https:\/\/mariephilippe.ca\/index.php?rest_route=%2Fwp%2Fv2%2Fmedia&parent=520"}],"curies":[{"name":"wp","href":"https:\/\/api.w.org\/{rel}","templated":true}]}}