{"id":4699,"date":"2013-09-13T10:51:53","date_gmt":"2013-09-13T14:51:53","guid":{"rendered":"http:\/\/mariephilippe.ca\/?page_id=4699"},"modified":"2026-03-24T12:07:51","modified_gmt":"2026-03-24T16:07:51","slug":"videographie-2","status":"publish","type":"page","link":"https:\/\/mariephilippe.ca\/?page_id=4699","title":{"rendered":"Vid\u00e9ographie"},"content":{"rendered":"<p>Un gros merci \u00e0 Musique Plus qui nous a gracieusement offert le transfert de ces clips des ann\u00e9es &rsquo;80. Nous avons essay\u00e9 de nous rappeler le nom de tous ceux qui ont offert b\u00e9n\u00e9volement leur temps lors des tournages de ces clips, mais&#8230; Toutes nos excuses pour ceux que nous avons (fatalement) oubli\u00e9s.<\/p>\n<p>&nbsp;<br \/>\n<iframe loading=\"lazy\" src=\"\/\/www.youtube.com\/embed\/FfCZeuBQ5Xo\" width=\"420\" height=\"315\" frameborder=\"0\"><\/iframe><br \/>\n&nbsp;<\/p>\n<p><em>R\u00e9alis\u00e9 par Gabriel Pelletier<br \/>\nProduction: Les Disques Trafic (1987)<br \/>\nExtrait de l&rsquo;album Marie Philippe I<br \/>\n(paroles: Marie Philippe, Jean Pierre Bonin; Musique: Marie Philippe)<br \/>\nApparaissent dans ce vid\u00e9o: Katia-Kim Hamel-Depatie, F\u00e9lix Hamel-Perrotte, Hugo Bonin, Jean Pierre Bonin, Richard Perrotte.<\/em><\/p>\n<p>&nbsp;<\/p>\n<p><iframe loading=\"lazy\" src=\"\/\/www.youtube.com\/embed\/4iunC2T5PuY\" width=\"420\" height=\"315\" frameborder=\"0\"><\/iframe><br \/>\n<em>R\u00e9alisation: Pirates<br \/>\nProductions: Les Disques Trafic (1990)<br \/>\nExtrait de l&rsquo;album Marie Philippe II, Trafic, 1990<br \/>\n(paroles: Marie Philippe, Jean Pierre Bonin; Musique: Marie Philippe)<br \/>\nApparaissent dans ce vid\u00e9o: Marie Philippe, Sharon Ryan, Paule Morin, Jean Pierre Bonin, Richard Perrotte, Denis Larochelle, Norman Kerr, Luc Papineau, Michel Murphy, Richard Boudrias, Victor Itesco, ainsi que beaucoup d&rsquo;autres dont les noms nous sont inconnus.<\/em><\/p>\n<p>&nbsp;<\/p>\n<p><iframe loading=\"lazy\" src=\"\/\/www.youtube.com\/embed\/-_BscsM14bk\" width=\"420\" height=\"315\" frameborder=\"0\"><\/iframe><br \/>\n<em>1990<br \/>\nParoles de Jean Pierre Bonin; Musique de Marie Philippe<br \/>\nExtrait de Marie Philippe II<br \/>\nProductions : Les Disques Trafic<\/em><\/p>\n<p>&nbsp;<\/p>\n<p><iframe loading=\"lazy\" src=\"\/\/www.youtube.com\/embed\/yV4clnhhVI4\" width=\"420\" height=\"315\" frameborder=\"0\"><\/iframe><br \/>\n<em>R\u00e9alisation: Raymond St-Jean<br \/>\nProduction: Les Disques Trafic (1991)<br \/>\nparoles: Marie Philippe, Jean Pierre Bonin; Musique: Marie Philippe<\/em><\/p>\n<p>&nbsp;<\/p>\n<p><iframe loading=\"lazy\" src=\"\/\/www.youtube.com\/embed\/Ju3OSc0CScY\" width=\"420\" height=\"315\" frameborder=\"0\"><\/iframe><br \/>\n<em>R\u00e9alisation: Raymond St-Jean<br \/>\nProduction: Les Disques Trafic (1991)<br \/>\nParoles: Marie Philippe, Jean Pierre Bonin; Musique: Marie Philippe<\/em><\/p>\n<p>&nbsp;<\/p>\n<p><iframe loading=\"lazy\" src=\"\/\/www.youtube.com\/embed\/ZwzyxE3pUVs\" width=\"420\" height=\"315\" frameborder=\"0\"><\/iframe><br \/>\nProduction: Maison<br \/>\nParoles: Jean Pierre Bonin; Musique: Marie Philippe<\/p>\n","protected":false},"excerpt":{"rendered":"<p>Un gros merci \u00e0 Musique Plus qui nous a gracieusement offert le transfert de ces clips des ann\u00e9es &rsquo;80. Nous avons essay\u00e9 de nous rappeler le nom de tous ceux qui ont offert b\u00e9n\u00e9volement leur temps lors des tournages de &hellip; <a href=\"https:\/\/mariephilippe.ca\/?page_id=4699\">Continuer la lecture <span class=\"meta-nav\">&rarr;<\/span><\/a><\/p>\n","protected":false},"author":1,"featured_media":0,"parent":0,"menu_order":0,"comment_status":"open","ping_status":"open","template":"page-videos.php","meta":{"ngg_post_thumbnail":0,"footnotes":""},"class_list":["post-4699","page","type-page","status-publish","hentry"],"_links":{"self":[{"href":"https:\/\/mariephilippe.ca\/index.php?rest_route=\/wp\/v2\/pages\/4699","targetHints":{"allow":["GET"]}}],"collection":[{"href":"https:\/\/mariephilippe.ca\/index.php?rest_route=\/wp\/v2\/pages"}],"about":[{"href":"https:\/\/mariephilippe.ca\/index.php?rest_route=\/wp\/v2\/types\/page"}],"author":[{"embeddable":true,"href":"https:\/\/mariephilippe.ca\/index.php?rest_route=\/wp\/v2\/users\/1"}],"replies":[{"embeddable":true,"href":"https:\/\/mariephilippe.ca\/index.php?rest_route=%2Fwp%2Fv2%2Fcomments&post=4699"}],"version-history":[{"count":56,"href":"https:\/\/mariephilippe.ca\/index.php?rest_route=\/wp\/v2\/pages\/4699\/revisions"}],"predecessor-version":[{"id":6086,"href":"https:\/\/mariephilippe.ca\/index.php?rest_route=\/wp\/v2\/pages\/4699\/revisions\/6086"}],"wp:attachment":[{"href":"https:\/\/mariephilippe.ca\/index.php?rest_route=%2Fwp%2Fv2%2Fmedia&parent=4699"}],"curies":[{"name":"wp","href":"https:\/\/api.w.org\/{rel}","templated":true}]}}