{"id":180,"date":"2011-03-02T15:37:05","date_gmt":"2011-03-02T15:37:05","guid":{"rendered":"http:\/\/mariephilippe.ca\/wp\/?page_id=180"},"modified":"2020-01-04T19:12:03","modified_gmt":"2020-01-04T23:12:03","slug":"marie-philippe-ii","status":"publish","type":"page","link":"https:\/\/mariephilippe.ca\/?page_id=180","title":{"rendered":"Marie Philippe II (1990)"},"content":{"rendered":"<p><img loading=\"lazy\" decoding=\"async\" class=\"alignleft size-medium wp-image-850\" title=\"cover_2\" src=\"http:\/\/mariephilippe.ca\/wp\/wp-content\/uploads\/2011\/03\/cover_2-300x294.jpg\" alt=\"\" width=\"300\" height=\"294\" srcset=\"https:\/\/mariephilippe.ca\/wp\/wp-content\/uploads\/2011\/03\/cover_2-300x294.jpg 300w, https:\/\/mariephilippe.ca\/wp\/wp-content\/uploads\/2011\/03\/cover_2-1024x1006.jpg 1024w, https:\/\/mariephilippe.ca\/wp\/wp-content\/uploads\/2011\/03\/cover_2.jpg 1432w\" sizes=\"auto, (max-width: 300px) 100vw, 300px\" \/><strong>Cr\u00e9dits<\/strong><br \/>\nBasse : Norman Kerr<br \/>\nChoeurs: Monique Fauteux, Sharon Ryan, Marie Philippe, Richard Perrotte dans D\u00e9j\u00e0 pass\u00e9<br \/>\nClaviers : Denis Larochelle (piano dans <em>Train d&rsquo;enfer<\/em>, clavinet dans <em>Mais oui je sais<\/em>) Marie Philippe et Jean Pierre Bonin<br \/>\nDrum et percussions : Richard Perrotte (clavinet et synth\u00e9 dans <em>Day by Day<\/em>)<br \/>\nGuitares : Robert Stanley<\/p>\n<p><img loading=\"lazy\" decoding=\"async\" class=\"alignright size-medium wp-image-849\" title=\"back_2\" src=\"http:\/\/mariephilippe.ca\/wp\/wp-content\/uploads\/2011\/03\/back_2-300x261.jpg\" alt=\"\" width=\"300\" height=\"261\" srcset=\"https:\/\/mariephilippe.ca\/wp\/wp-content\/uploads\/2011\/03\/back_2-300x261.jpg 300w, https:\/\/mariephilippe.ca\/wp\/wp-content\/uploads\/2011\/03\/back_2-1024x892.jpg 1024w, https:\/\/mariephilippe.ca\/wp\/wp-content\/uploads\/2011\/03\/back_2.jpg 1684w\" sizes=\"auto, (max-width: 300px) 100vw, 300px\" \/><\/p>\n<p>Enregistr\u00e9 chez Marie Philippe de juin &rsquo;89 \u00e0 mai &rsquo;90, prise de son: Jean Pierre Bonin<br \/>\nEnregistrements additionnels chez Denis Larochelle en d\u00e9cembre &rsquo;89, prise de son: Luc Papineau<br \/>\nR\u00e9alis\u00e9 et arrang\u00e9 par: Jean Pierre Bonin, Marie Philippe et Richard Perrotte<br \/>\nMix\u00e9 par Luc Papineau au Studio Marcadet \u00e0 Paris, juin &rsquo;90, assistant: Robin Dallier<br \/>\nPhotoraphie: Louise Bilodeau<br \/>\nConception et infographie: Christianne Litalien<br \/>\nCet album a \u00e9t\u00e9 enregistr\u00e9 num\u00e9riquement, en pi\u00e8ces d\u00e9tach\u00e9es, sur cassettes DAT. R\u00e9-assembl\u00e9 \u00e0 Paris sur Mitsubishi 32 pistes.<\/p>\n","protected":false},"excerpt":{"rendered":"<p>Cr\u00e9dits Basse : Norman Kerr Choeurs: Monique Fauteux, Sharon Ryan, Marie Philippe, Richard Perrotte dans D\u00e9j\u00e0 pass\u00e9 Claviers : Denis Larochelle (piano dans Train d&rsquo;enfer, clavinet dans Mais oui je sais) Marie Philippe et Jean Pierre Bonin Drum et percussions &hellip; <a href=\"https:\/\/mariephilippe.ca\/?page_id=180\">Continuer la lecture <span class=\"meta-nav\">&rarr;<\/span><\/a><\/p>\n","protected":false},"author":1,"featured_media":1245,"parent":2,"menu_order":0,"comment_status":"open","ping_status":"closed","template":"page-albums.php","meta":{"ngg_post_thumbnail":0,"footnotes":""},"class_list":["post-180","page","type-page","status-publish","has-post-thumbnail","hentry"],"_links":{"self":[{"href":"https:\/\/mariephilippe.ca\/index.php?rest_route=\/wp\/v2\/pages\/180","targetHints":{"allow":["GET"]}}],"collection":[{"href":"https:\/\/mariephilippe.ca\/index.php?rest_route=\/wp\/v2\/pages"}],"about":[{"href":"https:\/\/mariephilippe.ca\/index.php?rest_route=\/wp\/v2\/types\/page"}],"author":[{"embeddable":true,"href":"https:\/\/mariephilippe.ca\/index.php?rest_route=\/wp\/v2\/users\/1"}],"replies":[{"embeddable":true,"href":"https:\/\/mariephilippe.ca\/index.php?rest_route=%2Fwp%2Fv2%2Fcomments&post=180"}],"version-history":[{"count":92,"href":"https:\/\/mariephilippe.ca\/index.php?rest_route=\/wp\/v2\/pages\/180\/revisions"}],"predecessor-version":[{"id":5658,"href":"https:\/\/mariephilippe.ca\/index.php?rest_route=\/wp\/v2\/pages\/180\/revisions\/5658"}],"up":[{"embeddable":true,"href":"https:\/\/mariephilippe.ca\/index.php?rest_route=\/wp\/v2\/pages\/2"}],"wp:featuredmedia":[{"embeddable":true,"href":"https:\/\/mariephilippe.ca\/index.php?rest_route=\/wp\/v2\/media\/1245"}],"wp:attachment":[{"href":"https:\/\/mariephilippe.ca\/index.php?rest_route=%2Fwp%2Fv2%2Fmedia&parent=180"}],"curies":[{"name":"wp","href":"https:\/\/api.w.org\/{rel}","templated":true}]}}